[INFO] fetching crate rusty-p4 0.1.0-alpha.2...
[INFO] checking rusty-p4-0.1.0-alpha.2 against try#72f88fc4e9458f89516a0b8b0868f3718aec5b47 for pr-74989
[INFO] extracting crate rusty-p4 0.1.0-alpha.2 into /workspace/builds/worker-9/source
[INFO] validating manifest of crates.io crate rusty-p4 0.1.0-alpha.2 on toolchain 72f88fc4e9458f89516a0b8b0868f3718aec5b47
[INFO] running `Command { std: "/workspace/cargo-home/bin/cargo" "+72f88fc4e9458f89516a0b8b0868f3718aec5b47" "read-manifest" "--manifest-path" "Cargo.toml", kill_on_drop: false }`
[INFO] started tweaking crates.io crate rusty-p4 0.1.0-alpha.2
[INFO] finished tweaking crates.io crate rusty-p4 0.1.0-alpha.2
[INFO] tweaked toml for crates.io crate rusty-p4 0.1.0-alpha.2 written to /workspace/builds/worker-9/source/Cargo.toml
[INFO] running `Command { std: "/workspace/cargo-home/bin/cargo" "+72f88fc4e9458f89516a0b8b0868f3718aec5b47" "generate-lockfile" "--manifest-path" "Cargo.toml" "-Zno-index-update", kill_on_drop: false }`
[INFO] running `Command { std: "/workspace/cargo-home/bin/cargo" "+72f88fc4e9458f89516a0b8b0868f3718aec5b47" "fetch" "--locked" "--manifest-path" "Cargo.toml", kill_on_drop: false }`
[INFO] [stderr]  Downloading crates ...
[INFO] [stderr]   Downloaded futures-io-preview v0.3.0-alpha.18
[INFO] [stderr]   Downloaded futures-select-macro-preview v0.3.0-alpha.18
[INFO] [stderr]   Downloaded tokio-io v0.2.0-alpha.5
[INFO] [stderr]   Downloaded futures-join-macro-preview v0.3.0-alpha.18
[INFO] [stderr]   Downloaded futures-executor-preview v0.3.0-alpha.18
[INFO] [stderr]   Downloaded futures01 v0.1.29
[INFO] [stderr]   Downloaded lexical-core v0.7.4
[INFO] [stderr]   Downloaded grpcio v0.5.4
[INFO] [stderr]   Downloaded tokio-executor v0.2.0-alpha.5
[INFO] [stderr]   Downloaded tokio-codec v0.2.0-alpha.5
[INFO] [stderr]   Downloaded pin-project-internal v0.4.0-alpha.11
[INFO] [stderr]   Downloaded tokio-net v0.2.0-alpha.5
[INFO] [stderr]   Downloaded futures-util-preview v0.3.0-alpha.18
[INFO] [stderr]   Downloaded futures-sink-preview v0.3.0-alpha.18
[INFO] [stderr]   Downloaded tokio v0.2.0-alpha.5
[INFO] [stderr]   Downloaded tokio-timer v0.3.0-alpha.5
[INFO] [stderr]   Downloaded futures-core-preview v0.3.0-alpha.18
[INFO] [stderr]   Downloaded tokio-sync v0.2.0-alpha.5
[INFO] [stderr]   Downloaded futures-channel-preview v0.3.0-alpha.18
[INFO] [stderr]   Downloaded pin-project v0.4.0-alpha.11
[INFO] [stderr]   Downloaded tokio-fs v0.2.0-alpha.5
[INFO] [stderr]   Downloaded derive-new v0.5.8
[INFO] [stderr]   Downloaded grpcio-compiler v0.5.0
[INFO] [stderr]   Downloaded tokio-macros v0.2.0-alpha.5
[INFO] [stderr]   Downloaded futures-preview v0.3.0-alpha.18
[INFO] [stderr]   Downloaded grpcio-sys v0.5.4
[INFO] [stderr]   Downloaded rusty-p4-proto v0.1.0-alpha.1
[INFO] running `Command { std: "docker" "create" "-v" "/var/lib/crater-agent-workspace/builds/worker-9/target:/opt/rustwide/target:rw,Z" "-v" "/var/lib/crater-agent-workspace/builds/worker-9/source:/opt/rustwide/workdir:ro,Z" "-v" "/var/lib/crater-agent-workspace/cargo-home:/opt/rustwide/cargo-home:ro,Z" "-v" "/var/lib/crater-agent-workspace/rustup-home:/opt/rustwide/rustup-home:ro,Z" "-e" "SOURCE_DIR=/opt/rustwide/workdir" "-e" "CARGO_TARGET_DIR=/opt/rustwide/target" "-e" "CARGO_HOME=/opt/rustwide/cargo-home" "-e" "RUSTUP_HOME=/opt/rustwide/rustup-home" "-w" "/opt/rustwide/workdir" "-m" "1610612736" "--user" "0:0" "--network" "none" "rustops/crates-build-env@sha256:d92eaeed33fa75130ca1ee6c8a01d1ffb62bac859dfdfb3450e3e5d1c0146529" "/opt/rustwide/cargo-home/bin/cargo" "+72f88fc4e9458f89516a0b8b0868f3718aec5b47" "metadata" "--no-deps" "--format-version=1", kill_on_drop: false }`
[INFO] [stdout] f2f16fefe6c6e87f26c95894d279481f2f8e3969ac4e439e1777fa832cef59c7
[INFO] [stderr] WARNING: Your kernel does not support swap limit capabilities or the cgroup is not mounted. Memory limited without swap.
[INFO] running `Command { std: "docker" "start" "-a" "f2f16fefe6c6e87f26c95894d279481f2f8e3969ac4e439e1777fa832cef59c7", kill_on_drop: false }`
[INFO] running `Command { std: "docker" "inspect" "f2f16fefe6c6e87f26c95894d279481f2f8e3969ac4e439e1777fa832cef59c7", kill_on_drop: false }`
[INFO] running `Command { std: "docker" "rm" "-f" "f2f16fefe6c6e87f26c95894d279481f2f8e3969ac4e439e1777fa832cef59c7", kill_on_drop: false }`
[INFO] [stdout] f2f16fefe6c6e87f26c95894d279481f2f8e3969ac4e439e1777fa832cef59c7
[INFO] running `Command { std: "docker" "create" "-v" "/var/lib/crater-agent-workspace/builds/worker-9/target:/opt/rustwide/target:rw,Z" "-v" "/var/lib/crater-agent-workspace/builds/worker-9/source:/opt/rustwide/workdir:ro,Z" "-v" "/var/lib/crater-agent-workspace/cargo-home:/opt/rustwide/cargo-home:ro,Z" "-v" "/var/lib/crater-agent-workspace/rustup-home:/opt/rustwide/rustup-home:ro,Z" "-e" "SOURCE_DIR=/opt/rustwide/workdir" "-e" "CARGO_TARGET_DIR=/opt/rustwide/target" "-e" "CARGO_INCREMENTAL=0" "-e" "RUST_BACKTRACE=full" "-e" "RUSTFLAGS=--cap-lints=forbid" "-e" "CARGO_HOME=/opt/rustwide/cargo-home" "-e" "RUSTUP_HOME=/opt/rustwide/rustup-home" "-w" "/opt/rustwide/workdir" "-m" "1610612736" "--user" "0:0" "--network" "none" "rustops/crates-build-env@sha256:d92eaeed33fa75130ca1ee6c8a01d1ffb62bac859dfdfb3450e3e5d1c0146529" "/opt/rustwide/cargo-home/bin/cargo" "+72f88fc4e9458f89516a0b8b0868f3718aec5b47" "check" "--frozen" "--all" "--all-targets" "--message-format=json", kill_on_drop: false }`
[INFO] [stdout] dcf6f50143b95988e601d20df56941eb51863454031ecce03408161efdfea27e
[INFO] [stderr] WARNING: Your kernel does not support swap limit capabilities or the cgroup is not mounted. Memory limited without swap.
[INFO] running `Command { std: "docker" "start" "-a" "dcf6f50143b95988e601d20df56941eb51863454031ecce03408161efdfea27e", kill_on_drop: false }`
[INFO] [stderr]    Compiling getrandom v0.1.15
[INFO] [stderr]    Compiling cfg-if v0.1.10
[INFO] [stderr]    Compiling log v0.4.11
[INFO] [stderr]    Compiling either v1.6.0
[INFO] [stderr]     Checking futures-core-preview v0.3.0-alpha.18
[INFO] [stderr]    Compiling anyhow v1.0.32
[INFO] [stderr]    Compiling maybe-uninit v2.0.0
[INFO] [stderr]    Compiling bitflags v1.2.1
[INFO] [stderr]    Compiling proc-macro-hack v0.5.18
[INFO] [stderr]     Checking ppv-lite86 v0.2.9
[INFO] [stderr]     Checking futures-io-preview v0.3.0-alpha.18
[INFO] [stderr]    Compiling pin-project-internal v0.4.0-alpha.11
[INFO] [stderr]    Compiling gimli v0.22.0
[INFO] [stderr]    Compiling adler v0.2.3
[INFO] [stderr]    Compiling hashbrown v0.9.0
[INFO] [stderr]    Compiling bytes v0.5.6
[INFO] [stderr]    Compiling bindgen v0.51.1
[INFO] [stderr]    Compiling peeking_take_while v0.1.2
[INFO] [stderr]    Compiling object v0.20.0
[INFO] [stderr]    Compiling same-file v1.0.6
[INFO] [stderr]    Compiling rustc-demangle v0.1.16
[INFO] [stderr]    Compiling lexical-core v0.7.4
[INFO] [stderr]     Checking static_assertions v1.1.0
[INFO] [stderr]     Checking arrayvec v0.5.1
[INFO] [stderr]     Checking hex v0.3.2
[INFO] [stderr]    Compiling crossbeam-utils v0.7.2
[INFO] [stderr]    Compiling memoffset v0.5.5
[INFO] [stderr]    Compiling crossbeam-epoch v0.8.2
[INFO] [stderr]    Compiling indexmap v1.6.0
[INFO] [stderr]    Compiling libloading v0.5.2
[INFO] [stderr]    Compiling cmake v0.1.44
[INFO] [stderr]     Checking crossbeam-utils v0.6.6
[INFO] [stderr]     Checking tracing-core v0.1.16
[INFO] [stderr]     Checking futures01 v0.1.29
[INFO] [stderr]    Compiling clang-sys v0.28.1
[INFO] [stderr]    Compiling nom v4.2.3
[INFO] [stderr]    Compiling libz-sys v1.1.2
[INFO] [stderr]    Compiling itertools v0.8.2
[INFO] [stderr]    Compiling miniz_oxide v0.4.1
[INFO] [stderr]     Checking futures-sink-preview v0.3.0-alpha.18
[INFO] [stderr]    Compiling nom v5.1.2
[INFO] [stderr]    Compiling walkdir v2.3.1
[INFO] [stderr]    Compiling libc v0.2.77
[INFO] [stderr]     Checking crossbeam-channel v0.3.9
[INFO] [stderr]     Checking crossbeam-queue v0.1.2
[INFO] [stderr]     Checking futures-channel-preview v0.3.0-alpha.18
[INFO] [stderr]     Checking iovec v0.1.4
[INFO] [stderr]     Checking num_cpus v1.13.0
[INFO] [stderr]     Checking net2 v0.2.35
[INFO] [stderr]     Checking backtrace v0.3.50
[INFO] [stderr]    Compiling parking_lot_core v0.6.2
[INFO] [stderr]    Compiling parking_lot v0.9.0
[INFO] [stderr]     Checking smallvec v0.6.13
[INFO] [stderr]    Compiling syn v1.0.40
[INFO] [stderr]     Checking bytes v0.4.12
[INFO] [stderr]     Checking rand_core v0.5.1
[INFO] [stderr]    Compiling syn v0.15.44
[INFO] [stderr]     Checking mio v0.6.22
[INFO] [stderr]    Compiling which v3.1.1
[INFO] [stderr]    Compiling petgraph v0.5.1
[INFO] [stderr]     Checking rand_chacha v0.2.2
[INFO] [stderr]    Compiling prost-build v0.6.1
[INFO] [stderr]     Checking crossbeam-deque v0.7.3
[INFO] [stderr]     Checking rand v0.7.3
[INFO] [stderr]     Checking mio-uds v0.6.8
[INFO] [stderr]    Compiling cexpr v0.3.6
[INFO] [stderr]    Compiling addr2line v0.13.0
[INFO] [stderr]    Compiling tempfile v3.1.0
[INFO] [stderr]    Compiling synstructure v0.12.4
[INFO] [stderr]    Compiling futures-join-macro-preview v0.3.0-alpha.18
[INFO] [stderr]    Compiling futures-select-macro-preview v0.3.0-alpha.18
[INFO] [stderr]    Compiling grpcio-sys v0.5.4
[INFO] [stderr]    Compiling prost-derive v0.6.1
[INFO] [stderr]    Compiling tracing-attributes v0.1.11
[INFO] [stderr]    Compiling failure_derive v0.1.8
[INFO] [stderr]    Compiling derive-new v0.5.8
[INFO] [stderr]    Compiling tokio-macros v0.2.0-alpha.5
[INFO] [stderr]    Compiling serde_derive v1.0.116
[INFO] [stderr]     Checking futures-util-preview v0.3.0-alpha.18
[INFO] [stderr]    Compiling failure v0.1.8
[INFO] [stderr]     Checking tracing v0.1.19
[INFO] [stderr]    Compiling prost-derive v0.5.0
[INFO] [stderr]     Checking pin-project v0.4.0-alpha.11
[INFO] [stderr]     Checking tokio-io v0.2.0-alpha.5
[INFO] [stderr]     Checking tokio-codec v0.2.0-alpha.5
[INFO] [stderr]     Checking tokio-sync v0.2.0-alpha.5
[INFO] [stderr]     Checking futures-executor-preview v0.3.0-alpha.18
[INFO] [stderr]    Compiling prost v0.6.1
[INFO] [stderr]     Checking futures-preview v0.3.0-alpha.18
[INFO] [stderr]     Checking tokio-executor v0.2.0-alpha.5
[INFO] [stderr]    Compiling prost-types v0.6.1
[INFO] [stderr]     Checking tokio-net v0.2.0-alpha.5
[INFO] [stderr]     Checking tokio-fs v0.2.0-alpha.5
[INFO] [stderr]     Checking tokio-timer v0.3.0-alpha.5
[INFO] [stderr]     Checking serde v1.0.116
[INFO] [stderr]     Checking tokio v0.2.0-alpha.5
[INFO] [stderr]    Compiling grpcio-compiler v0.5.0
[INFO] [stderr]     Checking prost v0.5.0
[INFO] [stderr]     Checking prost-types v0.5.0
[INFO] [stderr]    Compiling rusty-p4-proto v0.1.0-alpha.1
[INFO] [stderr]     Checking grpcio v0.5.4
[INFO] [stdout] error[E0277]: the trait bound `proto::v1::WriteRequest: prost::message::Message` is not satisfied
[INFO] [stdout]    --> /opt/rustwide/target/debug/build/rusty-p4-proto-f1b4c10fc174c29b/out/p4.v1.rs:953:199
[INFO] [stdout]     |
[INFO] [stdout] 953 | ...rshaller { ser: ::grpcio::pr_ser, de: ::grpcio::pr_de }, resp_mar: ::grpcio::Marshaller { ser: ::grpcio::pr_ser, de: ::grpcio::pr_de }...
[INFO] [stdout]     |                    ^^^^^^^^^^^^^^^^ the trait `prost::message::Message` is not implemented for `proto::v1::WriteRequest`
[INFO] [stdout]     | 
[INFO] [stdout]    ::: /opt/rustwide/cargo-home/registry/src/github.com-1ecc6299db9ec823/grpcio-0.5.4/src/codec.rs:57:19
[INFO] [stdout]     |
[INFO] [stdout] 57  |     pub fn ser<M: Message, B: BufMut>(msg: &M, buf: &mut B) {
[INFO] [stdout]     |                   ------- required by this bound in `pr_ser`
[INFO] [stdout] 
[INFO] [stdout] 
[INFO] [stdout] error[E0277]: the trait bound `proto::v1::WriteRequest: prost::message::Message` is not satisfied
[INFO] [stdout]    --> /opt/rustwide/target/debug/build/rusty-p4-proto-f1b4c10fc174c29b/out/p4.v1.rs:953:221
[INFO] [stdout]     |
[INFO] [stdout] 953 | ...cio::pr_ser, de: ::grpcio::pr_de }, resp_mar: ::grpcio::Marshaller { ser: ::grpcio::pr_ser, de: ::grpcio::pr_de }, };
[INFO] [stdout]     |                     ^^^^^^^^^^^^^^^ the trait `prost::message::Message` is not implemented for `proto::v1::WriteRequest`
[INFO] [stdout]     | 
[INFO] [stdout]    ::: /opt/rustwide/cargo-home/registry/src/github.com-1ecc6299db9ec823/grpcio-0.5.4/src/codec.rs:62:18
[INFO] [stdout]     |
[INFO] [stdout] 62  |     pub fn de<M: Message + Default>(mut reader: MessageReader) -> Result<M> {
[INFO] [stdout]     |                  ------- required by this bound in `pr_de`
[INFO] [stdout] 
[INFO] [stdout] 
[INFO] [stdout] error[E0277]: the trait bound `proto::v1::WriteResponse: prost::message::Message` is not satisfied
[INFO] [stdout]    --> /opt/rustwide/target/debug/build/rusty-p4-proto-f1b4c10fc174c29b/out/p4.v1.rs:953:278
[INFO] [stdout]     |
[INFO] [stdout] 953 | ...rshaller { ser: ::grpcio::pr_ser, de: ::grpcio::pr_de }, };
[INFO] [stdout]     |                    ^^^^^^^^^^^^^^^^ the trait `prost::message::Message` is not implemented for `proto::v1::WriteResponse`
[INFO] [stdout]     | 
[INFO] [stdout]    ::: /opt/rustwide/cargo-home/registry/src/github.com-1ecc6299db9ec823/grpcio-0.5.4/src/codec.rs:57:19
[INFO] [stdout]     |
[INFO] [stdout] 57  |     pub fn ser<M: Message, B: BufMut>(msg: &M, buf: &mut B) {
[INFO] [stdout]     |                   ------- required by this bound in `pr_ser`
[INFO] [stdout] 
[INFO] [stdout] 
[INFO] [stdout] error[E0277]: the trait bound `proto::v1::WriteResponse: prost::message::Message` is not satisfied
[INFO] [stdout]    --> /opt/rustwide/target/debug/build/rusty-p4-proto-f1b4c10fc174c29b/out/p4.v1.rs:953:300
[INFO] [stdout]     |
[INFO] [stdout] 953 | ...io::pr_ser, de: ::grpcio::pr_de }, };
[INFO] [stdout]     |                    ^^^^^^^^^^^^^^^ the trait `prost::message::Message` is not implemented for `proto::v1::WriteResponse`
[INFO] [stdout]     | 
[INFO] [stdout]    ::: /opt/rustwide/cargo-home/registry/src/github.com-1ecc6299db9ec823/grpcio-0.5.4/src/codec.rs:62:18
[INFO] [stdout]     |
[INFO] [stdout] 62  |     pub fn de<M: Message + Default>(mut reader: MessageReader) -> Result<M> {
[INFO] [stdout]     |                  ------- required by this bound in `pr_de`
[INFO] [stdout] 
[INFO] [stdout] 
[INFO] [stdout] error[E0277]: the trait bound `proto::v1::ReadRequest: prost::message::Message` is not satisfied
[INFO] [stdout]    --> /opt/rustwide/target/debug/build/rusty-p4-proto-f1b4c10fc174c29b/out/p4.v1.rs:954:205
[INFO] [stdout]     |
[INFO] [stdout] 954 | ...arshaller { ser: ::grpcio::pr_ser, de: ::grpcio::pr_de }, resp_mar: ::grpcio::Marshaller { ser: ::grpcio::pr_ser, de: ::grpcio::pr_de ...
[INFO] [stdout]     |                     ^^^^^^^^^^^^^^^^ the trait `prost::message::Message` is not implemented for `proto::v1::ReadRequest`
[INFO] [stdout]     | 
[INFO] [stdout]    ::: /opt/rustwide/cargo-home/registry/src/github.com-1ecc6299db9ec823/grpcio-0.5.4/src/codec.rs:57:19
[INFO] [stdout]     |
[INFO] [stdout] 57  |     pub fn ser<M: Message, B: BufMut>(msg: &M, buf: &mut B) {
[INFO] [stdout]     |                   ------- required by this bound in `pr_ser`
[INFO] [stdout] 
[INFO] [stdout] 
[INFO] [stdout] error[E0277]: the trait bound `proto::v1::ReadRequest: prost::message::Message` is not satisfied
[INFO] [stdout]    --> /opt/rustwide/target/debug/build/rusty-p4-proto-f1b4c10fc174c29b/out/p4.v1.rs:954:227
[INFO] [stdout]     |
[INFO] [stdout] 954 | ...cio::pr_ser, de: ::grpcio::pr_de }, resp_mar: ::grpcio::Marshaller { ser: ::grpcio::pr_ser, de: ::grpcio::pr_de }, };
[INFO] [stdout]     |                     ^^^^^^^^^^^^^^^ the trait `prost::message::Message` is not implemented for `proto::v1::ReadRequest`
[INFO] [stdout]     | 
[INFO] [stdout]    ::: /opt/rustwide/cargo-home/registry/src/github.com-1ecc6299db9ec823/grpcio-0.5.4/src/codec.rs:62:18
[INFO] [stdout]     |
[INFO] [stdout] 62  |     pub fn de<M: Message + Default>(mut reader: MessageReader) -> Result<M> {
[INFO] [stdout]     |                  ------- required by this bound in `pr_de`
[INFO] [stdout] 
[INFO] [stdout] 
[INFO] [stdout] error[E0277]: the trait bound `proto::v1::ReadResponse: prost::message::Message` is not satisfied
[INFO] [stdout]    --> /opt/rustwide/target/debug/build/rusty-p4-proto-f1b4c10fc174c29b/out/p4.v1.rs:954:284
[INFO] [stdout]     |
[INFO] [stdout] 954 | ...rshaller { ser: ::grpcio::pr_ser, de: ::grpcio::pr_de }, };
[INFO] [stdout]     |                    ^^^^^^^^^^^^^^^^ the trait `prost::message::Message` is not implemented for `proto::v1::ReadResponse`
[INFO] [stdout]     | 
[INFO] [stdout]    ::: /opt/rustwide/cargo-home/registry/src/github.com-1ecc6299db9ec823/grpcio-0.5.4/src/codec.rs:57:19
[INFO] [stdout]     |
[INFO] [stdout] 57  |     pub fn ser<M: Message, B: BufMut>(msg: &M, buf: &mut B) {
[INFO] [stdout]     |                   ------- required by this bound in `pr_ser`
[INFO] [stdout] 
[INFO] [stdout] 
[INFO] [stdout] error[E0277]: the trait bound `proto::v1::ReadResponse: prost::message::Message` is not satisfied
[INFO] [stdout]    --> /opt/rustwide/target/debug/build/rusty-p4-proto-f1b4c10fc174c29b/out/p4.v1.rs:954:306
[INFO] [stdout]     |
[INFO] [stdout] 954 | ...cio::pr_ser, de: ::grpcio::pr_de }, };
[INFO] [stdout]     |                     ^^^^^^^^^^^^^^^ the trait `prost::message::Message` is not implemented for `proto::v1::ReadResponse`
[INFO] [stdout]     | 
[INFO] [stdout]    ::: /opt/rustwide/cargo-home/registry/src/github.com-1ecc6299db9ec823/grpcio-0.5.4/src/codec.rs:62:18
[INFO] [stdout]     |
[INFO] [stdout] 62  |     pub fn de<M: Message + Default>(mut reader: MessageReader) -> Result<M> {
[INFO] [stdout]     |                  ------- required by this bound in `pr_de`
[INFO] [stdout] 
[INFO] [stdout] 
[INFO] [stdout] error[E0277]: the trait bound `proto::v1::SetForwardingPipelineConfigRequest: prost::message::Message` is not satisfied
[INFO] [stdout]    --> /opt/rustwide/target/debug/build/rusty-p4-proto-f1b4c10fc174c29b/out/p4.v1.rs:955:290
[INFO] [stdout]     |
[INFO] [stdout] 955 | ...ser: ::grpcio::pr_ser, de: ::grpcio::pr_de }, resp_mar: ::grpcio::Marshaller { ser: ::grpcio::pr_ser, de: ::grpcio::pr_de }, };
[INFO] [stdout]     |         ^^^^^^^^^^^^^^^^ the trait `prost::message::Message` is not implemented for `proto::v1::SetForwardingPipelineConfigRequest`
[INFO] [stdout]     | 
[INFO] [stdout]    ::: /opt/rustwide/cargo-home/registry/src/github.com-1ecc6299db9ec823/grpcio-0.5.4/src/codec.rs:57:19
[INFO] [stdout]     |
[INFO] [stdout] 57  |     pub fn ser<M: Message, B: BufMut>(msg: &M, buf: &mut B) {
[INFO] [stdout]     |                   ------- required by this bound in `pr_ser`
[INFO] [stdout] 
[INFO] [stdout] 
[INFO] [stdout] error[E0277]: the trait bound `proto::v1::SetForwardingPipelineConfigRequest: prost::message::Message` is not satisfied
[INFO] [stdout]    --> /opt/rustwide/target/debug/build/rusty-p4-proto-f1b4c10fc174c29b/out/p4.v1.rs:955:312
[INFO] [stdout]     |
[INFO] [stdout] 955 | ..., de: ::grpcio::pr_de }, resp_mar: ::grpcio::Marshaller { ser: ::grpcio::pr_ser, de: ::grpcio::pr_de }, };
[INFO] [stdout]     |          ^^^^^^^^^^^^^^^ the trait `prost::message::Message` is not implemented for `proto::v1::SetForwardingPipelineConfigRequest`
[INFO] [stdout]     | 
[INFO] [stdout]    ::: /opt/rustwide/cargo-home/registry/src/github.com-1ecc6299db9ec823/grpcio-0.5.4/src/codec.rs:62:18
[INFO] [stdout]     |
[INFO] [stdout] 62  |     pub fn de<M: Message + Default>(mut reader: MessageReader) -> Result<M> {
[INFO] [stdout]     |                  ------- required by this bound in `pr_de`
[INFO] [stdout] 
[INFO] [stdout] 
[INFO] [stdout] error[E0277]: the trait bound `proto::v1::SetForwardingPipelineConfigResponse: prost::message::Message` is not satisfied
[INFO] [stdout]    --> /opt/rustwide/target/debug/build/rusty-p4-proto-f1b4c10fc174c29b/out/p4.v1.rs:955:369
[INFO] [stdout]     |
[INFO] [stdout] 955 | ...ser: ::grpcio::pr_ser, de: ::grpcio::pr_de }, };
[INFO] [stdout]     |         ^^^^^^^^^^^^^^^^ the trait `prost::message::Message` is not implemented for `proto::v1::SetForwardingPipelineConfigResponse`
[INFO] [stdout]     | 
[INFO] [stdout]    ::: /opt/rustwide/cargo-home/registry/src/github.com-1ecc6299db9ec823/grpcio-0.5.4/src/codec.rs:57:19
[INFO] [stdout]     |
[INFO] [stdout] 57  |     pub fn ser<M: Message, B: BufMut>(msg: &M, buf: &mut B) {
[INFO] [stdout]     |                   ------- required by this bound in `pr_ser`
[INFO] [stdout] 
[INFO] [stdout] 
[INFO] [stdout] error[E0277]: the trait bound `proto::v1::SetForwardingPipelineConfigResponse: prost::message::Message` is not satisfied
[INFO] [stdout]    --> /opt/rustwide/target/debug/build/rusty-p4-proto-f1b4c10fc174c29b/out/p4.v1.rs:955:391
[INFO] [stdout]     |
[INFO] [stdout] 955 | ... de: ::grpcio::pr_de }, };
[INFO] [stdout]     |         ^^^^^^^^^^^^^^^ the trait `prost::message::Message` is not implemented for `proto::v1::SetForwardingPipelineConfigResponse`
[INFO] [stdout]     | 
[INFO] [stdout]    ::: /opt/rustwide/cargo-home/registry/src/github.com-1ecc6299db9ec823/grpcio-0.5.4/src/codec.rs:62:18
[INFO] [stdout]     |
[INFO] [stdout] 62  |     pub fn de<M: Message + Default>(mut reader: MessageReader) -> Result<M> {
[INFO] [stdout]     |                  ------- required by this bound in `pr_de`
[INFO] [stdout] 
[INFO] [stdout] 
[INFO] [stdout] error[E0277]: the trait bound `proto::v1::GetForwardingPipelineConfigRequest: prost::message::Message` is not satisfied
[INFO] [stdout]    --> /opt/rustwide/target/debug/build/rusty-p4-proto-f1b4c10fc174c29b/out/p4.v1.rs:956:290
[INFO] [stdout]     |
[INFO] [stdout] 956 | ...ser: ::grpcio::pr_ser, de: ::grpcio::pr_de }, resp_mar: ::grpcio::Marshaller { ser: ::grpcio::pr_ser, de: ::grpcio::pr_de }, };
[INFO] [stdout]     |         ^^^^^^^^^^^^^^^^ the trait `prost::message::Message` is not implemented for `proto::v1::GetForwardingPipelineConfigRequest`
[INFO] [stdout]     | 
[INFO] [stdout]    ::: /opt/rustwide/cargo-home/registry/src/github.com-1ecc6299db9ec823/grpcio-0.5.4/src/codec.rs:57:19
[INFO] [stdout]     |
[INFO] [stdout] 57  |     pub fn ser<M: Message, B: BufMut>(msg: &M, buf: &mut B) {
[INFO] [stdout]     |                   ------- required by this bound in `pr_ser`
[INFO] [stdout] 
[INFO] [stdout] 
[INFO] [stdout] error[E0277]: the trait bound `proto::v1::GetForwardingPipelineConfigRequest: prost::message::Message` is not satisfied
[INFO] [stdout]    --> /opt/rustwide/target/debug/build/rusty-p4-proto-f1b4c10fc174c29b/out/p4.v1.rs:956:312
[INFO] [stdout]     |
[INFO] [stdout] 956 | ..., de: ::grpcio::pr_de }, resp_mar: ::grpcio::Marshaller { ser: ::grpcio::pr_ser, de: ::grpcio::pr_de }, };
[INFO] [stdout]     |          ^^^^^^^^^^^^^^^ the trait `prost::message::Message` is not implemented for `proto::v1::GetForwardingPipelineConfigRequest`
[INFO] [stdout]     | 
[INFO] [stdout]    ::: /opt/rustwide/cargo-home/registry/src/github.com-1ecc6299db9ec823/grpcio-0.5.4/src/codec.rs:62:18
[INFO] [stdout]     |
[INFO] [stdout] 62  |     pub fn de<M: Message + Default>(mut reader: MessageReader) -> Result<M> {
[INFO] [stdout]     |                  ------- required by this bound in `pr_de`
[INFO] [stdout] 
[INFO] [stdout] 
[INFO] [stdout] error[E0277]: the trait bound `proto::v1::GetForwardingPipelineConfigResponse: prost::message::Message` is not satisfied
[INFO] [stdout]    --> /opt/rustwide/target/debug/build/rusty-p4-proto-f1b4c10fc174c29b/out/p4.v1.rs:956:369
[INFO] [stdout]     |
[INFO] [stdout] 956 | ...ser: ::grpcio::pr_ser, de: ::grpcio::pr_de }, };
[INFO] [stdout]     |         ^^^^^^^^^^^^^^^^ the trait `prost::message::Message` is not implemented for `proto::v1::GetForwardingPipelineConfigResponse`
[INFO] [stdout]     | 
[INFO] [stdout]    ::: /opt/rustwide/cargo-home/registry/src/github.com-1ecc6299db9ec823/grpcio-0.5.4/src/codec.rs:57:19
[INFO] [stdout]     |
[INFO] [stdout] 57  |     pub fn ser<M: Message, B: BufMut>(msg: &M, buf: &mut B) {
[INFO] [stdout]     |                   ------- required by this bound in `pr_ser`
[INFO] [stdout] 
[INFO] [stdout] 
[INFO] [stdout] error[E0277]: the trait bound `proto::v1::GetForwardingPipelineConfigResponse: prost::message::Message` is not satisfied
[INFO] [stdout]    --> /opt/rustwide/target/debug/build/rusty-p4-proto-f1b4c10fc174c29b/out/p4.v1.rs:956:391
[INFO] [stdout]     |
[INFO] [stdout] 956 | ... de: ::grpcio::pr_de }, };
[INFO] [stdout]     |         ^^^^^^^^^^^^^^^ the trait `prost::message::Message` is not implemented for `proto::v1::GetForwardingPipelineConfigResponse`
[INFO] [stdout]     | 
[INFO] [stdout]    ::: /opt/rustwide/cargo-home/registry/src/github.com-1ecc6299db9ec823/grpcio-0.5.4/src/codec.rs:62:18
[INFO] [stdout]     |
[INFO] [stdout] 62  |     pub fn de<M: Message + Default>(mut reader: MessageReader) -> Result<M> {
[INFO] [stdout]     |                  ------- required by this bound in `pr_de`
[INFO] [stdout] 
[INFO] [stdout] 
[INFO] [stdout] error[E0277]: the trait bound `proto::v1::StreamMessageRequest: prost::message::Message` is not satisfied
[INFO] [stdout]    --> /opt/rustwide/target/debug/build/rusty-p4-proto-f1b4c10fc174c29b/out/p4.v1.rs:957:233
[INFO] [stdout]     |
[INFO] [stdout] 957 | ...ller { ser: ::grpcio::pr_ser, de: ::grpcio::pr_de }, resp_mar: ::grpcio::Marshaller { ser: ::grpcio::pr_ser, de: ::grpcio::pr_de }, };
[INFO] [stdout]     |                ^^^^^^^^^^^^^^^^ the trait `prost::message::Message` is not implemented for `proto::v1::StreamMessageRequest`
[INFO] [stdout]     | 
[INFO] [stdout]    ::: /opt/rustwide/cargo-home/registry/src/github.com-1ecc6299db9ec823/grpcio-0.5.4/src/codec.rs:57:19
[INFO] [stdout]     |
[INFO] [stdout] 57  |     pub fn ser<M: Message, B: BufMut>(msg: &M, buf: &mut B) {
[INFO] [stdout]     |                   ------- required by this bound in `pr_ser`
[INFO] [stdout] 
[INFO] [stdout] 
[INFO] [stdout] error[E0277]: the trait bound `proto::v1::StreamMessageRequest: prost::message::Message` is not satisfied
[INFO] [stdout]    --> /opt/rustwide/target/debug/build/rusty-p4-proto-f1b4c10fc174c29b/out/p4.v1.rs:957:255
[INFO] [stdout]     |
[INFO] [stdout] 957 | ...:pr_ser, de: ::grpcio::pr_de }, resp_mar: ::grpcio::Marshaller { ser: ::grpcio::pr_ser, de: ::grpcio::pr_de }, };
[INFO] [stdout]     |                 ^^^^^^^^^^^^^^^ the trait `prost::message::Message` is not implemented for `proto::v1::StreamMessageRequest`
[INFO] [stdout]     | 
[INFO] [stdout]    ::: /opt/rustwide/cargo-home/registry/src/github.com-1ecc6299db9ec823/grpcio-0.5.4/src/codec.rs:62:18
[INFO] [stdout]     |
[INFO] [stdout] 62  |     pub fn de<M: Message + Default>(mut reader: MessageReader) -> Result<M> {
[INFO] [stdout]     |                  ------- required by this bound in `pr_de`
[INFO] [stdout] 
[INFO] [stdout] 
[INFO] [stdout] error[E0277]: the trait bound `proto::v1::StreamMessageResponse: prost::message::Message` is not satisfied
[INFO] [stdout]    --> /opt/rustwide/target/debug/build/rusty-p4-proto-f1b4c10fc174c29b/out/p4.v1.rs:957:312
[INFO] [stdout]     |
[INFO] [stdout] 957 | ...ller { ser: ::grpcio::pr_ser, de: ::grpcio::pr_de }, };
[INFO] [stdout]     |                ^^^^^^^^^^^^^^^^ the trait `prost::message::Message` is not implemented for `proto::v1::StreamMessageResponse`
[INFO] [stdout]     | 
[INFO] [stdout]    ::: /opt/rustwide/cargo-home/registry/src/github.com-1ecc6299db9ec823/grpcio-0.5.4/src/codec.rs:57:19
[INFO] [stdout]     |
[INFO] [stdout] 57  |     pub fn ser<M: Message, B: BufMut>(msg: &M, buf: &mut B) {
[INFO] [stdout]     |                   ------- required by this bound in `pr_ser`
[INFO] [stdout] 
[INFO] [stdout] 
[INFO] [stdout] error[E0277]: the trait bound `proto::v1::StreamMessageResponse: prost::message::Message` is not satisfied
[INFO] [stdout]    --> /opt/rustwide/target/debug/build/rusty-p4-proto-f1b4c10fc174c29b/out/p4.v1.rs:957:334
[INFO] [stdout]     |
[INFO] [stdout] 957 | ...pr_ser, de: ::grpcio::pr_de }, };
[INFO] [stdout]     |                ^^^^^^^^^^^^^^^ the trait `prost::message::Message` is not implemented for `proto::v1::StreamMessageResponse`
[INFO] [stdout]     | 
[INFO] [stdout]    ::: /opt/rustwide/cargo-home/registry/src/github.com-1ecc6299db9ec823/grpcio-0.5.4/src/codec.rs:62:18
[INFO] [stdout]     |
[INFO] [stdout] 62  |     pub fn de<M: Message + Default>(mut reader: MessageReader) -> Result<M> {
[INFO] [stdout]     |                  ------- required by this bound in `pr_de`
[INFO] [stdout] 
[INFO] [stdout] 
[INFO] [stdout] error: aborting due to 20 previous errors
[INFO] [stdout] 
[INFO] [stdout] 
[INFO] [stdout] For more information about this error, try `rustc --explain E0277`.
[INFO] [stdout] 
[INFO] [stderr] error: could not compile `rusty-p4-proto`.
[INFO] [stderr] 
[INFO] [stderr] To learn more, run the command again with --verbose.
[INFO] running `Command { std: "docker" "inspect" "dcf6f50143b95988e601d20df56941eb51863454031ecce03408161efdfea27e", kill_on_drop: false }`
[INFO] running `Command { std: "docker" "rm" "-f" "dcf6f50143b95988e601d20df56941eb51863454031ecce03408161efdfea27e", kill_on_drop: false }`
[INFO] [stdout] dcf6f50143b95988e601d20df56941eb51863454031ecce03408161efdfea27e
